, what is -9441ab + -27?
-9441d3
In base 12, what is 905b449 + 4?
905b451
In base 12, what is -223149a + 0?
-223149a
In base 13, what is -2 - 1442118a?
-1442118c
In base 16, what is 659c5a + f?
659c69
In base 10, what is 9576563 + 3?
9576566
In base 5, what is -202313034 - -2114?
-202310420
In base 10, what is 55 - 131236?
-131181
In base 4, what is -1201 + -12000232212?
-12000300013
In base 10, what is 39 + 1909772?
1909811
In base 5, what is 200 + 1311220240?
1311220440
In base 12, what is 1 + -2323b689?
-2323b688
In base 5, what is 13330321 + -244?
13330022
In base 12, what is -94 - 133?
-207
In base 14, what is 0 + 28391d?
28391d
In base 5, what is -400 + 2021224?
2020324
In base 3, what is 1020001010210 - 100?
1020001010110
In base 4, what is 2 - 1301130211332?
-1301130211330
In base 6, what is 110110224 + 52?
110110320
In base 8, what is 2227201 + -65?
2227114
In base 3, what is -12 + 2200000212212?
2200000212200
In base 4, what is 12 + -22002013023?
-22002013011
In base 12, what is -103b58b9b + -1?
-103b58ba0
In base 13, what is -b6b468 - -2?
-b6b466
In base 7, what is 5243 + 6333?
14606
In base 9, what is 2 + -2632276?
-2632274
In base 6, what is 300541502 - -4?
300541510
In base 11, what is 1412 - 616a?
-4858
In base 2, what is 10111100010 - -100110010110111101?
100110101110011111
In base 6, what is -5225333230 - 1?
-5225333231
In base 4, what is -113010 - 12000311?
-12113321
In base 11, what is -1628085 + -16?
-16280a0
In base 8, what is 2425423 - 70?
2425333
In base 12, what is 12b7b06 + 15?
12b7b1b
In base 5, what is -422332 + -11421?
-434303
In base 11, what is -1 - -1219a162?
1219a161
In base 7, what is -2 + -502033102?
-502033104
In base 8, what is 153206 + -2423?
150563
In base 14, what is -664 + -3166?
-37ca
In base 7, what is 1013144010 + 1?
1013144011
In base 13, what is -55632 + -158?
-5578a
In base 12, what is 52ba - -8a3?
5ba1
In base 5, what is 240000002 - 32?
234444420
In base 7, what is 44 + -11055031?
-11054654
In base 7, what is -3 - 114404302?
-114404305
In base 12, what is -330180 + -18?
-330198
In base 2, what is -101010110011101101111 + -10?
-101010110011101110001
In base 11, what is 273957 - -285?
274131
In base 16, what is 9d + -1f278?
-1f1db
In base 15, what is -6 - -b84a57?
b84a51
In base 6, what is -35 + 200210431?
200210352
In base 15, what is 3ea1 + 183?
4134
In base 16, what is 1a + 30788?
307a2
In base 13, what is 86 + -854b35?
-854a7c
In base 4, what is 10013322030 + 11?
10013322101
In base 13, what is 131 - -18ac2c?
18b060
In base 11, what is -83a43748 - 0?
-83a43748
In base 6, what is 114 - -110412524?
110413042
In base 14, what is 0 - 107123c0?
-107123c0
In base 10, what is 78673169 - -5?
78673174
In base 8, what is 4362 - 1671703?
-1665321
In base 13, what is 3 + 1c57353b?
1c573541
In base 3, what is 220 - 210202022?
-210201102
In base 9, what is 2 - 62387846?
-62387844
In base 2, what is 11010011101 - 100000101010010?
-11101010110101
In base 10, what is -3 - -229321448?
229321445
In base 14, what is 484 - 6c2?
-23c
In base 4, what is -1100032000 + -32022?
-1100130022
In base 7, what is -103426 - -344?
-103052
In base 9, what is -322 + -5873310?
-5873632
In base 5, what is -3433214334 - 0?
-3433214334
In base 5, what is 10214 + 130340241?
130401010
In base 11, what is 7159 + -a262?
-3104
In base 6, what is 325540 + 23?
330003
In base 13, what is -1 + -305a26?
-305a27
In base 16, what is -35ec7 + -1c?
-35ee3
In base 7, what is -1016630 + -6551?
-1026511
In base 8, what is 33 + 446030?
446063
In base 13, what is 3b - 6a22c?
-6a1c1
In base 13, what is -71b0602b + -2?
-71b06030
In base 8, what is -1 + -5277457?
-5277460
In base 10, what is 611 - 30931?
-30320
In base 5, what is 0 + -402011234222?
-402011234222
In base 12, what is -19 + -3083265?
-3083282
In base 6, what is -313 - 332421?
-333134
In base 5, what is 1224301333101 - 1?
1224301333100
In base 11, what is -25 - 423694?
-423709
In base 2, what is -100 - -100100001011101101110010?
100100001011101101101110
In base 4, what is -10 + -10121111202203?
-10121111202213
In base 4, what is 2303030 + -12000012?
-3030322
In base 7, what is 16625 + -2555?
14040
In base 11, what is 15288 - 71?
15217
In base 16, what is 23ab + -1341?
106a
In base 6, what is 25 - 203514205?
-203514140
In base 4, what is 110231122312 + 2?
110231122320
In base 7, what is -54055345 - 23?
-54055401
In base 4, what is -1200 - 2112311031?
-2112312231
In base 13, what is -4cabc - 5c?
-4cb4b
In base 4, what is -10322210020220 - -10?
-10322210020210
In base 12, what is b73 - 5a735?
-59782
In base 13, what is 7366 - 2912?
4754
In base 3, what is 1120102000 - -101211?
1120210211
In base 7, what is 6 + 2652265?
2652304
In base 12, what is 1 + -4a4a80?
-4a4a7b
In base 10, what is 40585 + -41986?
-1401
In base 2, what is -10011011110111101 + 100011111101?
-10010111011000000
In base 14, what is -132 - -193?
61
In base 10, what is -738 + 25145?
24407
In base 16, what is -f32e6 - 5?
-f32eb
In base 14, what is 14d1316 - -c?
14d1324
In base 15, what is 499 - 2227?
-1c7d
In base 5, what is 3001 - 2330231?
-2322230
In base 3, what is 110 + 120201001102110?
120201001102220
In base 9, what is 52243 + 258?
52512
In base 6, what is 2424215 + 112?
2424331
In base 10, what is 1 + -672002?
-672001
In base 8, what is 26 - -1602253?
1602301
In base 5, what is -411432211 - -1103?
-411431103
In base 7, what is 56 + 10054536?
10054625
In base 7, what is -1441425 - 1316?
-1443044
In base 13, what is -4 - 50ba022?
-50ba026
In base 6, what is 124440235 + 5?
124440244
In base 7, what is -6454426322 - 1?
-6454426323
In base 15, what is 4b0d4 - 1d?
4b0b6
In base 14, what is -bd5414 - 4c?
-bd5462
In base 7, what is 303562 + -63?
303466
In base 7, what is 14426 + 26333?
44062
In base 16, what is 17f + 80bfd?
80d7c
In base 5, what is 2 - 122414420000?
-122414414443
In base 4, what is -13301 + -21332033?
-22012000
In base 7, what is -24646052312 - -4?
-24646052305
In base 8, what is -111412403 - 1?
-111412404
In base 4, what is -13302 - 3000200?
-3020102
In base 12, what is 88 + -269256b?
-26924a3
In base 3, what is -212 + -10120000100001011?
-10120000100002000
In base 9, what is 5678357 - 25?
5678332
In base 15, what is -8 + -13ac1a?
-13ac23
In base 12, what is 20a - b8a629?
-b8a41b
In base 3, what is 1100211122000 + -21?
1100211121202
In base 11, what is -6880707 + 7?
-6880700
In base 4, what is 11100 - 3210331112?
-3210320012
In base 7, what is 1222111 + 3353?
1225464
In base 16, what is -3 + -2400520?
-2400523
In base 12, what is -25 + 106786?
106761
In base 15, what is -77b + -adb?
-1367
In base 6, what is -2505355025 - 2?
-2505355031
In base 10, what is -18681377 + -2?
-18681379
In base 15, what is b - -d8ae5?
d8b01
In base 9, what is -22 + -7285783?
-7285815
In base 12, what is 49591b + -4?
495917
In base 12, what is 121 + -8739?
-8618
In base 15, what is -12e353 + -262?
-12e5b5
In base 14, what is 18ac83d8 - -1?
18ac83d9
In base 5, what is -1211024 - 424413?
-2140442
In base 11, what is 39492 - 3292?
36200
In base 13, what is 78 + -689a7?
-6892c
In base 9, what is -14453 + -40635?
-55188
In base 16, what is 2c5c4 + 4?
2c5c8
In base 14, what is -d172492b + 2?
-d1724929
In base 10, what is 12682778 - -1?
12682779
In base 7, what is -1563616 - 33?
-1563652
In base 2, what is 100101011100101100011110 - 11?
100101011100101100011011
In base 16, what is -7895 + 3c?
-7859
In base 8, what is -66215 + 263?
-65732
In base 5, what is 204011033 + -22?
204011011
In base 13, what is 24 + 52c99?
52cc0
In base 6, what is 0 + -3422041551?
-3422041551
In base 15, what is -3b2e + 1478?
-26a6
In base 15, what is 4e3 + 13122?
13615
In base 8, what is 341466 + 1623?
343311
In base 16, what is 1 + 1429115?
1429116
In base 12, what is 1845 - -6403?
8048
In base 7, what is 36400 - -1420?
41120
In base 16, what is -1642b697 + -3?
-1642b69a
In base 13, what is -130008 - -6?
-130002
In base 6, what is -2315450 + -243?
-2320133
In base 12, what is -282 + 19534b?
195089
In base 16, what is 1aadc4 - c1?
1aad03
In base 11, what is 227a + 221a0?
2446a
In base 8, what is -2 - 13473443?
-13473445
In base 13, what is 996c432 - -8?
996c43a
In base 13, what is -70ba3 + -2b?
-70c01
In base 4, what is 3210 - 3320200?
-3310330
In base 15, what is